 3*m, 3*m + 3*a = -9. Let b(y) = y**3 + 3*y**2 + y + 1. Let r be b(m). Calculate the highest common factor of r and 33.
3
Suppose 15 = -0*r - 3*r. Let y be (-45)/(-2)*(-30)/r. Suppose k + o - 2*o = y, 4*k = -o + 525. Calculate the greatest common factor of k and 12.
12
Let u be ((-14)/(-5))/((-2)/(-5)). Suppose 0 = 4*t - u*t - 4*m + 38, -4*m = t - 26. Calculate the highest common divisor of t and 4.
2
Suppose -489 = -4*n + t, 4*t + 20 = -0. Suppose 5*f = -n + 1111. Calculate the highest common divisor of 18 and f.
18
Suppose 4*x - 6*x + 180 = 0. Calculate the greatest common divisor of x and 10.
10
Suppose 18*h - 19*h = -110. Let s(g) = -g**2 + 10. Let x = 1 + -1. Let z be s(x). What is the greatest common divisor of h and z?
10
Let a be -5 + 2 + 14/(-2)*-1. What is the greatest common factor of 4 and a?
4
Suppose 6 + 48 = 3*j. Let o = -17 - -11. Let m(t) = 2*t**2 + 9*t + 9. Let q be m(o). Calculate the greatest common divisor of j and q.
9
Suppose u - 24 = -z, 0 = 4*u - 7*z + 2*z - 78. What is the highest common divisor of u and 66?
22
Let s be -39*(2/3 - 2). Calculate the highest common factor of s and 13.
13
Let a(o) = o**2 - o - 5. Let w be a(4). Let x = 11 - w. Suppose 5*s - x*g - 30 = 0, -2*s + 3*g = -5*s + 18. Calculate the greatest common divisor of s and 2.
2
Let a(m) = m**2 + 32. Let y be (-22)/(-8) - 2/(-8). Suppose y*f = 7*f. Let z be a(f). What is the greatest common divisor of z and 8?
8
Let m = 38 + -17. What is the greatest common divisor of 7 and m?
7
Suppose -30 + 165 = -3*r. Let t be ((-8)/10)/(3/r). Calculate the greatest common factor of 6 and t.
6
Let t(y) = y + 33. Let v be t(-12). Calculate the greatest common factor of 105 and v.
21
Let l(r) = r + 3. Let j be l(8). Let s = 3 - j. Let k(c) = c**3 + 10*c**2 + 3*c. Let o be k(s). Calculate the greatest common factor of o and 13.
13
Let o(w) = 31*w**2 - 3*w - 3. Let v be o(-2). Let h = -52 + v. What is the highest common factor of 30 and h?
15
Suppose 14 = i - 0. Calculate the greatest common divisor of i and 2.
2
Let s = 9 - 15. Let x(l) = l**2 - l + 2. Let n be x(s). Let d(a) = 66*a. Let u be d(1). Calculate the highest common factor of n and u.
22
Suppose 0 = 3*g - 4*g + x + 9, g + 2*x = -3. Let w = 1 + 2. Suppose 3 = -4*h - 5, -u - w*h = -19. Calculate the greatest common factor of g and u.
5
Let r = -47 - -87. Calculate the highest common divisor of 20 and r.
20
Let f(p) be the first derivative of p**3/3 - p**2/2 + 90*p + 3. Let r be f(0). Calculate the highest common divisor of 18 and r.
18
Let f(q) be the third derivative of -q**6/20 - q**5/15 - q**4/24 + q**3/3 - 3*q**2. Let s be f(-2). Calculate the greatest common divisor of 24 and s.
12
Let t(a) = -41*a + 1. Let w be t(-1). Calculate the greatest common factor of 105 and w.
21
Suppose 7*b = 8*b - 7. What is the highest common factor of b and 56?
7
Suppose 3*w - 29 - 37 = -3*b, -5*w = -2*b - 82. Calculate the highest common factor of 2 and w.
2
Let c(x) = -5*x - 31. Let g be c(-7). Calculate the highest common factor of 4 and g.
4
Suppose -l = -3*l + 4. Let j be (0 - l) + 65/1. Suppose -5 = -2*r + 9. What is the highest common factor of j and r?
7
Let s = 7 + -5. Calculate the highest common factor of s and 2.
2
Let r = -64 - -106. What is the greatest common factor of r and 21?
21
Suppose -2*k - k + 12 = 0. Suppose 3*a + 104 = k*a. Calculate the highest common factor of 13 and a.
13
Let n(c) = 4*c**2 - 4*c + 3. Let u be (-80)/14 + 8/(-28). Let g be n(u). Suppose 0 = 3*y, t - 4*t + g = -5*y. What is the greatest common factor of t and 19?
19
Suppose x = -4 + 22. Suppose 9 = -2*w - 5*f, -3 = f - 0. Let i be 30/w - (2 - 1). What is the greatest common factor of i and x?
9
Suppose -7*i + 4*i - 6 = 0, 298 = 3*n + i. Calculate the greatest common divisor of 10 and n.
10
Let v = 17 + -3. What is the greatest common factor of v and 238?
14
Suppose 2*p - 17 = 9. Calculate the highest common factor of 13 and p.
13
Suppose -15 = -6*f + f. Suppose -k + f + 5 = 0. What is the highest common divisor of k and 16?
8
Let l = 8 + 5. What is the greatest common factor of 39 and l?
13
Suppose 3 = p - 3. Calculate the greatest common factor of 24 and p.
6
Let v = 68 + -50. What is the greatest common factor of 36 and v?
18
Let v = -8 - -7. Let s(z) = 484*z**2 - z - 1. Let p be s(v). Suppose p = -l + 5*l. What is the highest common divisor of 11 and l?
11
Suppose -67 = 3*w + 20. Let u = -17 - w. Calculate the greatest common divisor of 48 and u.
12
Suppose 0 = -2*i - 1 + 5. Let g = -35 + 120. Suppose -1 = r + 5*d, i*d + 3*d + g = 5*r. What is the highest common divisor of r and 14?
14
Suppose 4*k - 44 = 2*k. What is the greatest common divisor of 154 and k?
22
Let r be 7 + -10 - 1/(-1). Let t be 54/(2/r*1). Let o = 76 + t. Calculate the highest common divisor of 22 and o.
22
Suppose 2*f + 3*h - 34 = 0, 4*f - 32 = h + 2*h. Let b be 4/(12/261) + 1. Calculate the greatest common divisor of b and f.
11
Suppose -6 = -6*d + 12. What is the highest common divisor of d and 18?
3
Let z(q) = q**2 - 9*q - 11. Let p be z(8). Let w = p - -31. What is the greatest common factor of w and 24?
12
Let h(v) = 2*v**3 - 5*v**2 + 4*v - 2. Let k be h(5). Suppose k = 3*p + 53. What is the greatest common factor of p and 15?
15
Suppose 23 = s + 4*r, 8 + 5 = -4*s + 5*r. Suppose -46 = -5*a - b - 0*b, s*b - 39 = -4*a. Calculate the highest common divisor of 27 and a.
9
Suppose 8*i - 2*i = 0. Suppose 4*x - 51 = -3*r - i*x, -4*x = -2*r + 14. Calculate the highest common divisor of 26 and r.
13
Let c be 7 - (0/(-1) + 2). Suppose -l + 6*l - 2*a = -83, -c*a - 55 = 5*l. Let k be (-1)/(-5) - 72/l. Calculate the greatest common factor of k and 40.
5
Let q be (-6)/(-27) - (-16)/9. Let p be 11/1 + q/(-2). Let i be (-184)/(-6) - 4/6. Calculate the greatest common factor of i and p.
10
Let x be (-20)/(-2)*12/5. Let t(k) = k**2 + 3*k + 6. Let s be t(3). Calculate the highest common divisor of s and x.
24
Let l(u) = u**3 - 5*u**2 + 9. Let x(h) = -h - 1. Let o(d) = -l(d) - 4*x(d). Let w be o(5). What is the greatest common factor of 5 and w?
5
Let m be 1/5 - (-304)/80. Suppose 3*f - b - m*b = 73, 74 = 4*f - 2*b. Calculate the highest common divisor of f and 144.
16
Let m be (-1)/(-4) - (-114)/(-8). Let w = m + 26. Calculate the greatest common divisor of 12 and w.
12
Let y(r) = -r**3 + 12*r**2 - 6. Let u be y(11). Calculate the highest common divisor of u and 23.
23
Let f(h) = -h**2 + 4*h + 4. Let o be f(3). Let u = -61 - -96. Calculate the greatest common divisor of o and u.
7
Let c = 0 - 0. Let t be (-1)/(-2)*c/(-2). Suppose t*z = -3*z + 51. What is the highest common divisor of 187 and z?
17
Suppose -32 = -k - 3*k. Suppose -9 = -3*o + 6. Suppose 2*b + 5*r - 9 = o, k = b + 3*r. What is the greatest common factor of 18 and b?
2
Suppose 5*f - 4*m + 1 = 52, 5*f - 43 = 2*m. Let o = -4 + f. Calculate the highest common factor of 2 and o.
1
Suppose 3*j = -2*z - 63 + 279, 4*z + 4*j = 428. What is the highest common factor of 42 and z?
21
Suppose 3*a + 3*n + 12 = 0, 0 = 3*a - n - 3 - 1. Suppose 0 = -a*p + 5*p - 25. Suppose 168 = -m + p*m. Calculate the highest common factor of m and 28.
14
Suppose f = 5*h - 116, -3*h + 10*f = 15*f - 64. What is the greatest common divisor of h and 23?
23
Let i(f) = -f**3 - 3*f**2 + 6*f + 1. Let b be i(-4). Let p be (b - 2)/((-9)/6). What is the greatest common factor of p and 2?
2
Suppose -3*g - b = -3*b - 18, 2*g - 19 = -b. Calculate the highest common factor of g and 88.
8
Let r(k) = k + 1. Let q be r(-1). Let c = -12 - q. Let l = 24 + c. What is the greatest common factor of 8 and l?
4
Suppose -4*l + 12 = 0, -2*v - v + 108 = -4*l. Let u be 1/2 - (-12)/8. Let o be ((-100)/(-3))/(u/6). Calculate the highest common factor of o and v.
20
Suppose -3 = -2*x - l, 5*l + 1 = -4*x + 10. Let v be x/(-2)*(-20)/1. Calculate the highest common divisor of 90 and v.
10
Let k = -7 + 11. Suppose k*b + b = 30. What is the greatest common factor of 6 and b?
6
Let w = -10 - -5. Let u = w - -4. Let f = u + 8. What is the highest common factor of f and 28?
7
Suppose 6 = 5*h - 4. Calculate the highest common divisor of 8 and h.
2
Let g be (-2)/(-9) - (-479)/(-9). Let c = 161 + g. What is the highest common factor of c and 12?
12
Suppose -5*j + 218 = -42. What is t